e 5) to base 13
3b6
3477 (base 9) to base 16
a15
What is -1011220 (base 3) in base 14?
-457
Convert -91 (base 15) to base 2.
-10001000
Convert 10100111 (base 2) to base 11.
142
What is 6099 (base 15) in base 5?
1123034
What is -49c (base 15) in base 10?
-1047
What is 58406 (base 9) in base 15?
b82c
-3ae (base 15) to base 7
-2306
Convert 110001020 (base 3) to base 8.
21115
Convert 2636 (base 7) to base 2.
1111101111
-1041413 (base 5) to base 3
-221011221
-630 (base 11) to base 12
-533
983 (base 10) to base 12
69b
Convert -688 (base 13) to base 16.
-466
Convert 413653 (base 7) to base 3.
10121101021
Convert -544 (base 9) to base 3.
-121111
Convert 11063 (base 10) to base 15.
3428
Convert 1000010100 (base 2) to base 6.
2244
What is 22201 (base 3) in base 2?
11101011
8700 (base 14) to base 12
115b8
-1055 (base 6) to base 9
-308
Convert -552 (base 14) to base 2.
-10000011100
Convert b434 (base 13) to base 14.
90d8
413001 (base 5) to base 16
34bd
Convert 1067 (base 10) to base 6.
4535
What is 1100111110111 (base 2) in base 8?
14767
Convert -1b01 (base 12) to base 5.
-101223
Convert 6677 (base 14) to base 7.
102510
Convert -11021210 (base 3) to base 4.
-300312
What is -213142 (base 5) in base 11?
-5534
-648 (base 10) to base 15
-2d3
Convert -10111101 (base 2) to base 9.
-230
What is -54502 (base 6) in base 12?
-4432
900 (base 13) to base 9
2070
1420 (base 11) to base 12
1091
-6a38 (base 14) to base 16
-482a
Convert 111100101 (base 2) to base 7.
1262
Convert 7a5 (base 16) to base 15.
8a7
What is 55 (base 10) in base 7?
106
-2002221 (base 3) to base 10
-1537
What is 1431 (base 7) in base 3?
202210
2d24 (base 16) to base 6
125300
What is -33e2 (base 15) in base 4?
-2230010
What is -26135 (base 7) in base 6?
-52035
What is -106e (base 15) in base 7?
-13100
What is -7229 (base 10) in base 9?
-10822
-23186 (base 9) to base 14
-58cc
What is 44254 (base 7) in base 16?
2b69
What is -4309 (base 13) in base 8?
-22130
What is -227 (base 10) in base 6?
-1015
Convert 165 (base 7) to base 6.
240
Convert -12200 (base 8) to base 10.
-5248
Convert -1023 (base 11) to base 3.
-1212020
18232 (base 13) to base 15
dbb1
What is -665 (base 16) in base 3?
-2020122
Convert 162a6 (base 14) to base 10.
55418
Convert 451c (base 13) to base 4.
2112322
Convert -24 (base 8) to base 14.
-16
Convert -65e2 (base 15) to base 14.
-7c1d
-20102 (base 5) to base 8
-2375
What is -194 (base 16) in base 13?
-251
1101101010 (base 2) to base 9
1171
What is -117 (base 9) in base 12?
-81
Convert 12342 (base 7) to base 2.
110011000000
11563 (base 12) to base 8
55333
Convert 2101002000 (base 3) to base 7.
253116
Convert -15165 (base 7) to base 6.
-31300
54346 (base 7) to base 14
4d26
Convert 365 (base 9) to base 6.
1222
-440 (base 7) to base 16
-e0
What is 250144 (base 6) in base 5?
1201341
What is 45652 (base 8) in base 10?
19370
33020 (base 5) to base 9
3081
Convert 5703 (base 9) to base 2.
1000001110111
-1076 (base 10) to base 15
-4bb
Convert -200000012 (base 3) to base 13.
-5c8a
10440 (base 5) to base 16
2e9
-293a (base 12) to base 13
-2251
What is c94 (base 13) in base 9?
2847
What is -20212222 (base 3) in base 15?
-174b
Convert -3232 (base 8) to base 11.
-12a7
What is 7067 (base 9) in base 8?
12054
2251 (base 8) to base 4
102221
Convert -12584 (base 9) to base 6.
-103204
Convert 13120 (base 5) to base 16.
40b
What is -1890 (base 13) in base 9?
-5023
Convert -10a0 (base 11) to base 16.
-5a1
-10000110011101 (base 2) to base 11
-6513
What is 2011 (base 7) in base 2?
1010110110
-652 (base 8) to base 12
-2b6
Convert -3132032 (base 5) to base 4.
-30232232
What is -8821 (base 10) in base 13?
-4027
Convert -3303101 (base 4) to base 6.
-200025
Convert 16160 (base 10) to base 3.
211011112
Convert -2835 (base 11) to base 13.
-1892
-11207 (base 10) to base 16
-2bc7
-1001001101000101 (base 2) to base 14
-da4d
Convert -1010120 (base 3) to base 7.
-2256
4b91 (base 13) to base 9
15681
Convert -31d (base 15) to base 6.
-3131
Convert -10101100 (base 3) to base 8.
-4642
What is -211022020 (base 3) in base 6?
-203140
What is 2331 (base 5) in base 2?
101010101
-2327 (base 10) to base 3
-10012012
Convert -1000 (base 8) to base 3.
-200222
-22082 (base 10) to base 11
-15655
-50452 (base 6) to base 2
-1101000000000
-3002 (base 5) to base 13
-230
What is 667 (base 8) in base 5?
3224
What is -34335 (base 6) in base 10?
-4883
Convert b1c8 (base 15) to base 13.
14117
1011011011 (base 2) to base 9
1002
What is -434342 (base 5) in base 8?
-35174
What is 41421 (base 7) in base 8?
23656
Convert 11000010011101 (base 2) to base 9.
18057
Convert 12020 (base 5) to base 3.
1012210
Convert -22640 (base 7) to base 8.
-13262
Convert -76 (base 15) to base 16.
-6f
What is -a325 (base 12) in base 16?
-454d
What is -12a88 (base 13) in base 3?
-1202200022
What is 2010022 (base 4) in base 14?
3122
Convert -e0a (base 16) to base 13.
-1836
Convert 9a22 (base 13) to base 3.
1002110222
13123 (base 6) to base 12
11a3
What is 1725 (base 13) in base 5?
102121
What is -11010010010 (base 2) in base 8?
-3222
Convert -8467 (base 10) to base 3.
-102121121
What is -1c43 (base 14) in base 4?
-1100203
-44b2 (base 14) to base 4
-2322030
-1a59 (base 16) to base 6
-51121
Convert -334e (base 16) to base 2.
-11001101001110
What is -31409 (base 10) in base 11?
-21664
What is -11222001 (base 3) in base 6?
-24431
Convert 1365 (base 9) to base 14.
539
What is -240424 (base 5) in base 15?
-295e
Convert d0b (base 15) to base 14.
10da
Convert -32 (base 7) to base 3.
-212
Convert -14566 (base 9) to base 16.
-26d6
-2240 (base 9) to base 4
-121320
Convert 14b9 (base 13) to base 4.
233101
What is 6261 (base 10) in base 8?
14165
What is 6723 (base 8) in base 3?
11212002
-2303113 (base 4) to base 5
-331404
Convert -1a2 (base 15) to base 2.
-101111001
Convert -1460 (base 9) to base 4.
-101103
What is -101110110100 (base 2) in base 14?
-1140
What is 2 (base 3) in base 16?
2
What is -942 (base 10) in base 7?
-2514
-210012 (base 3) to base 15
-282
-15332 (base 10) to base 11
-10579
What is 2b1 (base 12) in base 8?
645
What is 3e6a (base 15) in base 16?
343f
-6c (base 16) to base 13
-84
-66a7 (base 12) to base 15
-3574
What is 2272 (base 11) in base 13?
1486
Convert 7b6 (base 14) to base 3.
2002202
What is 262123 (base 7) in base 3?
2110220101
What is -2120 (base 9) in base 3?
-2010200
-1d2 (base 15) to base 7
-1142
Convert -4490 (base 12) to base 7.
-31101
10ea (base 15) to base 6
24351
What is 17730 (base 8) in base 11?
6141
-11143 (base 6) to base 16
-627
What is -73 (base 8) in base 13?
-47
Convert -464 (base 11) to base 7.
-1421
366 (base 14) to base 6
3050
-2130 (base 5) to base 4
-10202
Convert 3364 (base 13) to base 16.
1c0c
What is -1011100011101011 (base 2) in base 9?
-71838
Convert 1161 (base 12) to base 4.
132121
Convert 32132 (base 4) to base 15.
41b
-31880 (base 9) to base 13
-9807
-18c (base 16) to base 14
-204
What is 1222011 (base 4) in base 10?
6789
Convert -3985 (base 10) to base 9.
-5417
What is -5823 (base 10) in base 9?
-7880
3f6d (base 16) to base 10
16237
What is 190cc (base 14) in base 12?
30764
What is 1157b (base 16) in base 11?
49408
-234066 (base 7) to base 3
-2010221100
Convert -265 (base 11) to base 13.
-1b1
Convert 45 (base 6) to base 11.
27
What is 1183 (base 11) in base 9?
2104
-20313 (base 4) to base 9
-700
What is -415 (base 6) in base 12?
-10b
-b68 (base 12) to base 15
-75e
761 (base 13) to base 7
3452
-284 (base 12) to base 6
-1444
Convert 1100111 (base 3) to base 6.
4321
13a5 (base 11) to base 2
11100010001
113 (base 11) to base 12
b3
Convert -22642 (base 9) to base 7.
-62015
1 (base 6) to base 12
1
What is 139 (base 12) in base 10?
189
Convert -25570 (base 9) to base 16.
-4353
Convert -1c8 (base 13) to base 4.
-11031
What is -122212121 (base 3) in base 2?
-11001011100110
Convert -100011001011000 (base 2) to base 9.
-26628
What is 2634 (base 11) in base 14?
1369
Convert -200211000 (base 3) to base 12.
-7b30
-147100 (base 8) to base 2
-1100111001000000
-100511 (base 6) to base 13
-3817
Convert 1011001011 (base 2) to base 8.
1313
Convert 305401 (base 6) to base 5.
1241203
Convert 324 (base 14) to base 7.
1544
Convert -12212202 (base 3) to base 2.
-1000010111110
What is -1010110011 (base 2) in base 4?
-22303
Convert -24cd (base 14) to b